g + 4*l = 3*l - 6. What is the units digit of g?
5
Let t(x) = -62*x**3 - x**2 + 2. What is the tens digit of t(-1)?
6
Let n be (-33)/2*16/(-12). Suppose 2*k - 4*z - n = 0, 0 = 4*k - 5*z - 6 - 29. What is the units digit of k?
5
Let v(w) = 9*w**2 - 25*w + 1. What is the tens digit of v(8)?
7
Let m(k) = k - 1. Let w be m(2). What is the units digit of 7 - 8 - (w - 4)?
2
Let y be (3/(-2))/((-4)/8). Suppose m - y = 0, 0*q + 3*m - 27 = -3*q. What is the units digit of q?
6
Let k(y) = y + 10. Let n be k(-8). Suppose 2*g = 5*a - 25, 0 = 3*a - 5*g + 2 + n. What is the units digit of a?
7
Suppose 5*f = 3*f + 3*t + 144, 0 = -2*f + t + 136. What is the tens digit of f?
6
Suppose -2*f + t + 0 + 2 = 0, -4*f + 18 = 5*t. Let y = f - 0. Suppose -3*z = 0, -2*z - 22 = -y*s - z. What is the tens digit of s?
1
Suppose -j + 70 + 85 = 0. Suppose x + 4*x = j. Suppose 3*m - 79 = -x. What is the tens digit of m?
1
Let a be (33/(-22))/((-2)/12). Let s = 23 - a. What is the tens digit of s?
1
Suppose 3*m + 254 + 442 = 0. What is the tens digit of (-2)/(-5) - m/20?
1
Let u(t) = -3*t - 3. Let i be u(-2). Suppose i*h - 42 = h. What is the units digit of h?
1
Let s = 21 + -15. Let z be (s/9)/1*12. Suppose j + g + 0 = z, 22 = 2*j + 5*g. What is the units digit of j?
6
Suppose 4*k - 8 = -2*u, -3*k + 5 = u - 2. Suppose -5*b = 2*r - 74, k*b + 6*r - 36 = 2*r. What is the tens digit of b?
1
What is the tens digit of (-26)/(-65) + (-248)/(-5)?
5
Let n = -1 + -1. Let k(l) = l - 20. Let m be k(14). What is the units digit of n/m - (-116)/12?
0
Let c(v) = v**2 + 3*v + 6. Let i be c(-5). What is the tens digit of 164/i + (-1)/4?
1
Let l(p) = -p**2 - 14*p + 8. What is the tens digit of l(-11)?
4
Let d(a) = a**2 - 19*a + 23. What is the tens digit of d(21)?
6
Let v be 59/(-4) + 3/(-12). Let d = 28 + v. What is the tens digit of d?
1
Suppose -3*a = w - 4, -3*a + 4*w - 4 = -33. Let m be (-3)/9 - (-40)/a. Suppose -m = -y - 4*g + 19, -y + 3*g = 3. What is the units digit of y?
2
Suppose -7*v + 3*v = -156. Let r = v - 18. What is the units digit of r?
1
Let f(t) = t**2 + 13*t + 15. Let l be f(-12). Suppose s + l*x = -3*s + 11, -s = -2*x. What is the units digit of s?
2
Let d be (0 + -4)*2/(-2). Suppose 2*r - 24 = -p, -3*r + 48 = -d*p + 12. Let w = r - 7. What is the units digit of w?
5
Suppose -2*g = -0*g - 104. What is the tens digit of g?
5
Let w be 6/(-21) - 2/(-7). Suppose 2*a + w*a - 16 = 0. Suppose -c + 5*c = 3*n + 13, a = 4*n + c. What is the units digit of n?
1
Suppose 0 = -5*u + 6 + 9. Suppose 2*k = -2*l + u*l - 23, -2*l - 3*k = -67. What is the tens digit of l?
2
Suppose -7*y + 3*y = -884. What is the hundreds digit of y?
2
Let c be 24/(-9)*(-3)/2. Suppose 3*l = -l + c. What is the units digit of (-3)/l + 2 + 10?
9
Let c(h) = -h**3 - 5*h**2 + 11*h - 7. What is the units digit of c(-8)?
7
Let h(u) = u + 18. What is the units digit of h(-17)?
1
What is the units digit of (-1648)/4*3/(-6)?
6
Let n(h) = h**2 - 9*h - 8. Let m be n(11). Let u = 27 - m. What is the units digit of u?
3
Let k = 201 - 58. What is the units digit of k?
3
Let a = -6 + 14. Let u = 14 - a. Let n(z) = z**2 - 4*z - 4. What is the units digit of n(u)?
8
Let t(g) = -g**3 - 5*g**2 + 5*g - 3. Let a be t(-6). Suppose -k + a*u = 2 - 22, 4*u = -4*k + 16. What is the units digit of k?
8
Let t be -2*(-2)/8*0. Suppose -2*k + 5*k - 12 = t. Suppose 4*d + k - 12 = -4*a, 0 = 3*d - 4*a - 13. What is the units digit of d?
3
Let v(d) = -d - 4. Let j be v(-4). Suppose j = -5*m + 2 + 3. What is the units digit of m?
1
Let p(b) = -b**2 + 18*b - 5. What is the units digit of p(16)?
7
Let k = -16 - -22. Suppose 5*b = k*b. What is the units digit of 4/(-6)*(b - 9)?
6
Let u = 15 + -21. What is the units digit of 76/(-10)*15/u?
9
Suppose -5*z = 4*p - 613, -9*p + 6*p = 2*z - 451. What is the tens digit of p?
4
What is the units digit of ((-3)/6)/((-5)/140)?
4
Let z be (-8 - -6) + 0 + 3. Suppose -4 = -3*h - z. What is the units digit of h?
1
Let r = 14 + -11. Suppose -r*y + 8*y = 80. What is the units digit of y?
6
Let f = -38 - -107. Suppose 5*q - n - f = 0, -q - 2*n - 21 = -2*q. What is the tens digit of q?
1
Let n(l) = -2*l**2 - 3*l + 6*l - l**3 + 4*l**2. Let g be n(3). Suppose -d - 2*d + 39 = g. What is the tens digit of d?
1
Let i = 14 + 34. What is the tens digit of i?
4
Suppose -2*q = -2*n - 10, -q + 31 = 4*q - 2*n. Suppose s = b + 6, -2*s = -q*s + b + 26. What is the units digit of s?
5
Let d(u) = -u**2 + 12*u - 7. Let q be d(11). Suppose -5*f + 244 = -q*z, 0*z - 92 = -2*f - 4*z. What is the units digit of f?
8
Suppose -3*h = 5*y - 458, -5*y = -4*h + 185 + 414. What is the hundreds digit of h?
1
Let c(y) = -4*y + 4. What is the units digit of c(-8)?
6
Suppose -5*q + 20 = -0*q. Suppose -4*l + 1 + 19 = q*i, 2*i - 1 = l. Suppose -35 = -4*f + l*h - 2*h, 3*f = -4*h + 12. What is the units digit of f?
8
Let s(i) = 16*i**3 + i**2 + 4*i - 1. Let a be s(2). Suppose -8 = -3*r + a. What is the tens digit of r?
4
What is the tens digit of (67/(-4))/(11/(-44))?
6
Let m = -6 - -7. What is the units digit of m/(1/(-3 - -24))?
1
Let r(x) = x**3 - 4*x + 3. Let s be r(2). Suppose 4*f - 14 = -5*h, -2*h = h - s*f - 3. What is the units digit of h?
2
Suppose 135 = 2*q + 11. What is the tens digit of q?
6
Suppose 3*b - 58 = 50. What is the tens digit of b?
3
Let c(u) = -26*u - 3. What is the tens digit of c(-1)?
2
Suppose 4*z - 207 + 27 = 0. What is the units digit of z?
5
Suppose 5*o - 1 = 14. What is the tens digit of (o/(-4))/((-2)/32)?
1
Suppose -2*c + 260 = 2*d, 2*d - 3*d = -2*c - 124. What is the tens digit of d?
2
Let q be (-4)/18 - 34/9. Let v = q - -9. What is the units digit of v?
5
Suppose -3*h - 1 = -22. What is the units digit of h?
7
Let r be ((-7)/21)/((-1)/57). Suppose 0 = n - 3*h + 9, n + 4*h = -0*h + r. Suppose -v + 4*s = -5, -7*s + n*s = 4. What is the units digit of v?
1
Suppose -2*c + 385 + 245 = -4*x, -4*c + 5*x + 1269 = 0. What is the tens digit of c?
2
Suppose 27*i = 19*i + 1104. What is the units digit of i?
8
Let n be (-6)/(-9)*6/(-4). Let l be (-6 + 4)/(n/(-2)). What is the units digit of ((-4)/10)/(l/20)?
2
Let c = -14 + 31. What is the tens digit of c?
1
Let q(f) = f**2 - f - 4. Let b be q(-8). Suppose -3*h - 4*l + 3 + b = 0, -l + 39 = 2*h. What is the units digit of h?
7
Suppose -5 - 3 = -2*z. Let w(u) = 2*u + 7. What is the tens digit of w(z)?
1
Suppose -2*x + 0*x - 22 = 0. Let l = x - -20. What is the units digit of l?
9
Let t = -10 + 13. Let o be (1 - 0/(-1))*0. Suppose -5*h - 3*v - 7 = o, -2*v + 3*v + t = -h. What is the units digit of h?
1
Let l(o) be the first derivative of o - 2 + 1/2*o**2. What is the units digit of l(4)?
5
Let s be (-12)/(-20) + 4/10. Suppose 3*x - 3 = 9. Suppose v - s = x. What is the units digit of v?
5
Let t(v) = v**3 + 12*v**2 + 11*v + 16. What is the units digit of t(-11)?
6
Suppose 0 = -5*c - 5*z + 635, 3*c + z = 284 + 101. What is the units digit of c?
9
Let m be (0 + -1)/((-6)/12). Suppose 4*f = m*f + 30. What is the tens digit of f?
1
Let p = 209 + -154. What is the units digit of p?
5
Let f(z) = z + 1. Let y be f(3). Let p(s) = -s**2 + 6*s - 6. Let a be p(y). What is the units digit of a/((-3 + 0)/(-6))?
4
Let m be (-2)/6 - (-255)/9. Suppose -j = -m - 0. What is the units digit of j?
8
Let p(z) = -2*z**2 + 2*z + 4. Let h(w) = 2*w**2 - 2*w - 5. Let v(q) = -3*h(q) - 4*p(q). What is the units digit of v(5)?
9
Let p be ((-1)/2)/((-2)/(-12)). Let s(d) = d**2 + 4*d - d + 1 - d. What is the units digit of s(p)?
4
What is the units digit of (12/15)/((-4)/(-610))?
2
Let h be ((-2)/6)/(3/(-63)). Let i = 11 - h. Suppose -y + i*f = -0*y + 1, 0 = 5*f - 10. What is the units digit of y?
7
Let u(t) = 2*t**2 - 4*t + 2. Let k be u(5). Suppose -k = -4*j + 5*n + 45, -3*j + 2*n = -56. What is the tens digit of j?
1
What is the units digit of (-6)/4*(-176)/24?
1
Let f(s) be the first derivative of s**3/6 + 15*s**2/2 - 2*s - 1. Let q(u) be the first derivative of f(u). What is the tens digit of q(0)?
1
Suppose 0 = 3*j - s - 106, s + 21 + 11 = j. Let z = j + -19. What is the tens digit of z?
1
Let y(i) = i**3 + 5*i**2 + 7. What is the tens digit of y(6)?
0
Let p(k) = -2*k. Let h be p(-4). Suppose 3*n - 2*n - h = 0. What is the units digit of n?
8
Let x be ((-12)/10)/(4/(-10)). Let r = 3 - x. What is the uni